{"id":56,"date":"2023-10-12T14:50:13","date_gmt":"2023-10-12T19:50:13","guid":{"rendered":"https:\/\/pegmor.com\/?post_type=product&#038;p=56"},"modified":"2026-02-05T12:44:40","modified_gmt":"2026-02-05T17:44:40","slug":"purificador-de-agua-ozono-sustituto-botellon-acero","status":"publish","type":"product","link":"https:\/\/pegmor.com\/index.php\/product\/purificador-de-agua-ozono-sustituto-botellon-acero\/","title":{"rendered":"Purificador De Agua Ozono Reemplazo Botellon Inox"},"content":{"rendered":"<p>PURIFICADOR DE AGUA CON SISTEMA DE FILTRACI\u00d3N Y OZONO PARA ELIMINAR BACTERIAS.<\/p>\n<p>HERMOSOS FILTROS PURIFICADORES DE AGUA GENERADORES DE OZONO. ESTE EQUIPO REEMPLAZA EL BOTELL\u00d3N Y TE SUMINISTRA AGUA POTABLE OZONIZADA PERMANENTE Y AL INSTANTE, MICROFILTRADA Y LIBRE DE BACTERIAS.<\/p>\n<p>EL EQUIPO INCLUYE TODOS LOS ACCESORIOS NECESARIOS PARA LA INSTALACI\u00d3N. CARCASA, FILTRO, MANGUERA, , RACORES Y DEM\u00c1S.<\/p>\n<p>SOMOS MERCADOLIDER<\/p>\n<p>NUESTRAS CALIFICACIONES SON 100% POSITIVAS<\/p>\n<p>EL EQUIPO NO ALMACENA CANTIDADES DE AGUA SINO QUE LA PURIFICA AL MOMENTO DE NECESITARLA.<br \/>\nEL FILTRO RETIENE SEDIMENTOS Y S\u00d3LIDOS, EL CARB\u00d3N ACTIVADO ELIMINA LAS CARACTER\u00cdSTICAS DEL CLORO Y QU\u00cdMICOS PRESENTES EN EL AGUA, EL OZONO ELIMINA LAS BACTERIAS.<\/p>\n<p>CARACTER\u00cdSTICAS T\u00c9CNICAS<br \/>\n-Caja en poliestireno con empaque de caucho antideslizante imantado.<br \/>\n-Cubierta en acero inoxidable brillante.<br \/>\n-Indicadores Led de funcionamiento.<br \/>\n-Electrov\u00e1lvula con control autom\u00e1tico de llenado.<br \/>\n-C\u00e1mara generadora de Ozono con sistema diel\u00e9ctrico.<br \/>\n-Capacidad de llenado. 2.5 litros\/minuto a 25 PSI.<br \/>\n-Circuito electr\u00f3nico generador de 9.000 voltios.<br \/>\n-Voltaje de operaci\u00f3n 115 voltios AC 60 Hz.<br \/>\n-Consumo aprox 60 w-0.5 amp.<br \/>\n-Fusible de protecci\u00f3n.<br \/>\n-Capacidad de llenado 2.5 litros\/minuto.<\/p>\n<p>Recibir\u00e1s un hermoso y decorativo purificador ozonizador de agua para tener siempre a mano el agua pura, libre de cloro, impurezas y bacterias pat\u00f3genas, gracias a los potentes sistemas de filtraci\u00f3n que retienen toda clase de sedimentos, arenillas, algas y residuos s\u00f3lidos, ademas de absorber los qu\u00edmicos presentes en el agua como el cloro y de eliminar toda clase de virus y bacterias microsc\u00f3picos mediante el generador de Ozono que incluye nuestro equipo.<\/p>\n<p>El equipo incluye el sistema micro filtrante, el generador de ozono, el manual explicativo de instalaciones y todos los accesorios necesarios para la misma, la cual puede efectuarse por cualquier persona con b\u00e1sicos conocimientos de plomeria, ya que se trata de un procedimiento de f\u00e1cil ejecuci\u00f3n.<\/p>\n<p>El sistema requiere para el funcionamiento un voltaje de 110-125 CA\/60Hz, tiene capacidad de producci\u00f3n de 35mg\/h de Ozono, capacidad de tratamiento de 150L\/h con una presi\u00f3n m\u00e1xima de 100psi.<\/p>\n<p>El moderno dise\u00f1o ofrece elegancia y decoraci\u00f3n a su oficina que se transformara al instalar el equipo, disponible en varios dise\u00f1os de f\u00e1cil mantenimiento.<\/p>\n<p>GARANT\u00cdA<\/p>\n<p>Un a\u00f1o por defectos de fabricaci\u00f3n.<\/p>\n<p>SOMOS MERCADOLIDER<\/p>\n<p>El env\u00edo se realizar\u00e1 tan pronto se haga efectivo el pago o al d\u00eda h\u00e1bil siguiente, dependiendo la hora. Puedes realizar el pago del env\u00edo al recibir o contactarnos.<\/p>\n<p>RECUERDA.<\/p>\n<p>Nuestros equipos poseen potentes filtros capaces de micro filtrar y retener sedimentos, arenillas, algas y toda clase de residuos s\u00f3lidos, ademas poseen elementos de carb\u00f3n activado que neutralizan y absorben qu\u00edmicos presentes en el agua como el cloro, luego nuestro Potente generador de Ozono elimina toda clase de bacterias, virus y microorganismos pat\u00f3genos, mejorando la calidad del agua lo cual podr\u00e1s notar con el color y el sabor del liquido precioso.<\/p>\n<p>El agua que consume tu familia debe ser filtrada, pero tambi\u00e9n libre de microorganismos indeseables para tu salud. Hoy puedes lograrlo f\u00e1cilmente instalando uno de nuestros sistemas micro filtrantes generadores de ozono.<\/p>\n<p>No lo pienses mas, adquiere el est\u00e9tico y moderno sistema ozonizador.<\/p>\n<p>SOMOS MERCADOLIDER<\/p>\n<p>Env\u00edo a cargo del comprador<\/p>\n<p>&nbsp;<\/p>\n","protected":false},"excerpt":{"rendered":"<p>PURIFICADOR DE AGUA CON SISTEMA DE FILTRACI\u00d3N Y OZONO PARA ELIMINAR BACTERIAS.<\/p>\n","protected":false},"featured_media":1965,"comment_status":"open","ping_status":"closed","template":"","meta":{"_uag_custom_page_level_css":"","_monsterinsights_skip_tracking":false,"_monsterinsights_sitenote_active":false,"_monsterinsights_sitenote_note":"","_monsterinsights_sitenote_category":0,"site-sidebar-layout":"default","site-content-layout":"","ast-site-content-layout":"default","site-content-style":"default","site-sidebar-style":"default","ast-global-header-display":"","ast-banner-title-visibility":"","ast-main-header-display":"","ast-hfb-above-header-display":"","ast-hfb-below-header-display":"","ast-hfb-mobile-header-display":"","site-post-title":"","ast-breadcrumbs-content":"","ast-featured-img":"","footer-sml-layout":"","theme-transparent-header-meta":"default","adv-header-id-meta":"","stick-header-meta":"","header-above-stick-meta":"","header-main-stick-meta":"","header-below-stick-meta":"","astra-migrate-meta-layouts":"set","ast-page-background-enabled":"default","ast-page-background-meta":{"desktop":{"background-color":"var(--ast-global-color-4)","background-image":"","background-repeat":"repeat","background-position":"center center","background-size":"auto","background-attachment":"scroll","background-type":"","background-media":"","overlay-type":"","overlay-color":"","overlay-opacity":"","overlay-gradient":""},"tablet":{"background-color":"","background-image":"","background-repeat":"repeat","background-position":"center center","background-size":"auto","background-attachment":"scroll","background-type":"","background-media":"","overlay-type":"","overlay-color":"","overlay-opacity":"","overlay-gradient":""},"mobile":{"background-color":"","background-image":"","background-repeat":"repeat","background-position":"center center","background-size":"auto","background-attachment":"scroll","background-type":"","background-media":"","overlay-type":"","overlay-color":"","overlay-opacity":"","overlay-gradient":""}},"ast-content-background-meta":{"desktop":{"background-color":"var(--ast-global-color-5)","background-image":"","background-repeat":"repeat","background-position":"center center","background-size":"auto","background-attachment":"scroll","background-type":"","background-media":"","overlay-type":"","overlay-color":"","overlay-opacity":"","overlay-gradient":""},"tablet":{"background-color":"var(--ast-global-color-5)","background-image":"","background-repeat":"repeat","background-position":"center center","background-size":"auto","background-attachment":"scroll","background-type":"","background-media":"","overlay-type":"","overlay-color":"","overlay-opacity":"","overlay-gradient":""},"mobile":{"background-color":"var(--ast-global-color-5)","background-image":"","background-repeat":"repeat","background-position":"center center","background-size":"auto","background-attachment":"scroll","background-type":"","background-media":"","overlay-type":"","overlay-color":"","overlay-opacity":"","overlay-gradient":""}}},"product_brand":[],"product_cat":[91],"product_tag":[21,23],"class_list":{"0":"post-56","1":"product","2":"type-product","3":"status-publish","4":"has-post-thumbnail","6":"product_cat-reemplazo-botellon","7":"product_tag-purificador-de-agua","8":"product_tag-sustituto-de-botellon","9":"desktop-align-left","10":"tablet-align-left","11":"mobile-align-left","13":"first","14":"instock","15":"shipping-taxable","16":"purchasable","17":"product-type-simple"},"aioseo_notices":[],"jetpack_sharing_enabled":true,"uagb_featured_image_src":{"full":["https:\/\/pegmor.com\/wp-content\/uploads\/2023\/10\/Captura-de-pantalla-2026-01-06-100950.png",866,556,false],"thumbnail":["https:\/\/pegmor.com\/wp-content\/uploads\/2023\/10\/Captura-de-pantalla-2026-01-06-100950-150x150.png",150,150,true],"medium":["https:\/\/pegmor.com\/wp-content\/uploads\/2023\/10\/Captura-de-pantalla-2026-01-06-100950-300x193.png",300,193,true],"medium_large":["https:\/\/pegmor.com\/wp-content\/uploads\/2023\/10\/Captura-de-pantalla-2026-01-06-100950-768x493.png",768,493,true],"large":["https:\/\/pegmor.com\/wp-content\/uploads\/2023\/10\/Captura-de-pantalla-2026-01-06-100950.png",866,556,false],"1536x1536":["https:\/\/pegmor.com\/wp-content\/uploads\/2023\/10\/Captura-de-pantalla-2026-01-06-100950.png",866,556,false],"2048x2048":["https:\/\/pegmor.com\/wp-content\/uploads\/2023\/10\/Captura-de-pantalla-2026-01-06-100950.png",866,556,false],"mailpoet_newsletter_max":["https:\/\/pegmor.com\/wp-content\/uploads\/2023\/10\/Captura-de-pantalla-2026-01-06-100950.png",866,556,false],"woocommerce_thumbnail":["https:\/\/pegmor.com\/wp-content\/uploads\/2023\/10\/Captura-de-pantalla-2026-01-06-100950-300x193.png",300,193,true],"woocommerce_single":["https:\/\/pegmor.com\/wp-content\/uploads\/2023\/10\/Captura-de-pantalla-2026-01-06-100950-600x385.png",600,385,true],"woocommerce_gallery_thumbnail":["https:\/\/pegmor.com\/wp-content\/uploads\/2023\/10\/Captura-de-pantalla-2026-01-06-100950-100x100.png",100,100,true]},"uagb_author_info":{"display_name":"pegmor-com.preview-domain.com","author_link":"https:\/\/pegmor.com\/index.php\/author\/"},"uagb_comment_info":0,"uagb_excerpt":"PURIFICADOR DE AGUA CON SISTEMA DE FILTRACI\u00d3N Y OZONO PARA ELIMINAR BACTERIAS.","_links":{"self":[{"href":"https:\/\/pegmor.com\/index.php\/wp-json\/wp\/v2\/product\/56","targetHints":{"allow":["GET"]}}],"collection":[{"href":"https:\/\/pegmor.com\/index.php\/wp-json\/wp\/v2\/product"}],"about":[{"href":"https:\/\/pegmor.com\/index.php\/wp-json\/wp\/v2\/types\/product"}],"replies":[{"embeddable":true,"href":"https:\/\/pegmor.com\/index.php\/wp-json\/wp\/v2\/comments?post=56"}],"wp:featuredmedia":[{"embeddable":true,"href":"https:\/\/pegmor.com\/index.php\/wp-json\/wp\/v2\/media\/1965"}],"wp:attachment":[{"href":"https:\/\/pegmor.com\/index.php\/wp-json\/wp\/v2\/media?parent=56"}],"wp:term":[{"taxonomy":"product_brand","embeddable":true,"href":"https:\/\/pegmor.com\/index.php\/wp-json\/wp\/v2\/product_brand?post=56"},{"taxonomy":"product_cat","embeddable":true,"href":"https:\/\/pegmor.com\/index.php\/wp-json\/wp\/v2\/product_cat?post=56"},{"taxonomy":"product_tag","embeddable":true,"href":"https:\/\/pegmor.com\/index.php\/wp-json\/wp\/v2\/product_tag?post=56"}],"curies":[{"name":"wp","href":"https:\/\/api.w.org\/{rel}","templated":true}]}}