{"id":2016,"date":"2026-01-27T15:08:09","date_gmt":"2026-01-27T20:08:09","guid":{"rendered":"https:\/\/pegmor.com\/?post_type=product&#038;p=2016"},"modified":"2026-03-03T11:15:00","modified_gmt":"2026-03-03T16:15:00","slug":"ducha-ozono-agua-y-aire","status":"publish","type":"product","link":"https:\/\/pegmor.com\/index.php\/product\/ducha-ozono-agua-y-aire\/","title":{"rendered":"Ducha Ozono Agua y Aire"},"content":{"rendered":"<h3 data-start=\"186\" data-end=\"263\">\ud83d\udebf Ducha con Agua y Aire Ozonizado \u2013 Limpieza profunda y frescura natural<\/h3>\n<p data-start=\"265\" data-end=\"427\">Nuestra <strong data-start=\"273\" data-end=\"308\">ducha con agua y aire con ozono<\/strong> eleva tu experiencia diaria al combinar la purificaci\u00f3n del agua con una sensaci\u00f3n de frescura adicional en cada ba\u00f1o.<\/p>\n<p data-start=\"429\" data-end=\"703\">El ozono ayuda a <strong data-start=\"446\" data-end=\"479\">desinfectar el agua y el aire<\/strong>, reduciendo la presencia de bacterias y microorganismos que pueden afectar la piel. Al mismo tiempo, la mezcla de aire ozonizado genera una sensaci\u00f3n m\u00e1s ligera y envolvente, brindando un ba\u00f1o m\u00e1s agradable y revitalizante.<\/p>\n<p data-start=\"705\" data-end=\"738\">\ud83d\udca7\ud83c\udf2c\ufe0f <strong data-start=\"711\" data-end=\"738\">Beneficios principales:<\/strong><\/p>\n<ul data-start=\"739\" data-end=\"1009\">\n<li data-start=\"739\" data-end=\"797\">\n<p data-start=\"741\" data-end=\"797\">Mejora la calidad del agua y del aire durante la ducha<\/p>\n<\/li>\n<li data-start=\"798\" data-end=\"838\">\n<p data-start=\"800\" data-end=\"838\">Ayuda a desinfectar de forma natural<\/p>\n<\/li>\n<li data-start=\"839\" data-end=\"909\">\n<p data-start=\"841\" data-end=\"909\">Contribuye a reducir irritaci\u00f3n, resequedad y molestias en la piel<\/p>\n<\/li>\n<li data-start=\"910\" data-end=\"955\">\n<p data-start=\"912\" data-end=\"955\">Sensaci\u00f3n de limpieza profunda y frescura<\/p>\n<\/li>\n<li data-start=\"956\" data-end=\"1009\">\n<p data-start=\"958\" data-end=\"1009\">Ideal para piel sensible y uso diario en el hogar<\/p>\n<\/li>\n<\/ul>\n<p data-start=\"1011\" data-end=\"1141\">\ud83d\udebf <strong data-start=\"1014\" data-end=\"1065\">M\u00e1s que una ducha, una experiencia de bienestar<\/strong>, pensada para cuidar tu piel y hacer de cada ba\u00f1o un momento de renovaci\u00f3n.<\/p>\n<p data-start=\"1143\" data-end=\"1210\">\ud83d\udce6 Dise\u00f1o funcional, f\u00e1cil instalaci\u00f3n y apta para toda la familia.<\/p>\n<p data-start=\"1143\" data-end=\"1210\">Env\u00edo a cargo del comprador.<\/p>\n<p data-start=\"1143\" data-end=\"1210\">\n<p data-start=\"1143\" data-end=\"1210\">SOMOS PEGMOR<\/p>\n<p data-start=\"1143\" data-end=\"1210\">Mercadolider Colombia<\/p>\n","protected":false},"excerpt":{"rendered":"<p>Ducha Ozono Agua y Aire<\/p>\n","protected":false},"featured_media":2017,"comment_status":"open","ping_status":"closed","template":"","meta":{"_uag_custom_page_level_css":"","_monsterinsights_skip_tracking":false,"_monsterinsights_sitenote_active":false,"_monsterinsights_sitenote_note":"","_monsterinsights_sitenote_category":0,"site-sidebar-layout":"default","site-content-layout":"","ast-site-content-layout":"default","site-content-style":"default","site-sidebar-style":"default","ast-global-header-display":"","ast-banner-title-visibility":"","ast-main-header-display":"","ast-hfb-above-header-display":"","ast-hfb-below-header-display":"","ast-hfb-mobile-header-display":"","site-post-title":"","ast-breadcrumbs-content":"","ast-featured-img":"","footer-sml-layout":"","theme-transparent-header-meta":"default","adv-header-id-meta":"","stick-header-meta":"","header-above-stick-meta":"","header-main-stick-meta":"","header-below-stick-meta":"","astra-migrate-meta-layouts":"set","ast-page-background-enabled":"default","ast-page-background-meta":{"desktop":{"background-color":"var(--ast-global-color-4)","background-image":"","background-repeat":"repeat","background-position":"center center","background-size":"auto","background-attachment":"scroll","background-type":"","background-media":"","overlay-type":"","overlay-color":"","overlay-opacity":"","overlay-gradient":""},"tablet":{"background-color":"","background-image":"","background-repeat":"repeat","background-position":"center center","background-size":"auto","background-attachment":"scroll","background-type":"","background-media":"","overlay-type":"","overlay-color":"","overlay-opacity":"","overlay-gradient":""},"mobile":{"background-color":"","background-image":"","background-repeat":"repeat","background-position":"center center","background-size":"auto","background-attachment":"scroll","background-type":"","background-media":"","overlay-type":"","overlay-color":"","overlay-opacity":"","overlay-gradient":""}},"ast-content-background-meta":{"desktop":{"background-color":"var(--ast-global-color-5)","background-image":"","background-repeat":"repeat","background-position":"center center","background-size":"auto","background-attachment":"scroll","background-type":"","background-media":"","overlay-type":"","overlay-color":"","overlay-opacity":"","overlay-gradient":""},"tablet":{"background-color":"var(--ast-global-color-5)","background-image":"","background-repeat":"repeat","background-position":"center center","background-size":"auto","background-attachment":"scroll","background-type":"","background-media":"","overlay-type":"","overlay-color":"","overlay-opacity":"","overlay-gradient":""},"mobile":{"background-color":"var(--ast-global-color-5)","background-image":"","background-repeat":"repeat","background-position":"center center","background-size":"auto","background-attachment":"scroll","background-type":"","background-media":"","overlay-type":"","overlay-color":"","overlay-opacity":"","overlay-gradient":""}}},"product_brand":[],"product_cat":[92],"product_tag":[],"class_list":{"0":"post-2016","1":"product","2":"type-product","3":"status-publish","4":"has-post-thumbnail","6":"product_cat-ducha-ozono","7":"desktop-align-left","8":"tablet-align-left","9":"mobile-align-left","11":"first","12":"instock","13":"sale","14":"shipping-taxable","15":"purchasable","16":"product-type-simple"},"aioseo_notices":[],"jetpack_sharing_enabled":true,"uagb_featured_image_src":{"full":["https:\/\/pegmor.com\/wp-content\/uploads\/2026\/01\/Gemini_Generated_Image_lraw1vlraw1vlraw.png",1344,768,false],"thumbnail":["https:\/\/pegmor.com\/wp-content\/uploads\/2026\/01\/Gemini_Generated_Image_lraw1vlraw1vlraw-150x150.png",150,150,true],"medium":["https:\/\/pegmor.com\/wp-content\/uploads\/2026\/01\/Gemini_Generated_Image_lraw1vlraw1vlraw-300x171.png",300,171,true],"medium_large":["https:\/\/pegmor.com\/wp-content\/uploads\/2026\/01\/Gemini_Generated_Image_lraw1vlraw1vlraw-768x439.png",768,439,true],"large":["https:\/\/pegmor.com\/wp-content\/uploads\/2026\/01\/Gemini_Generated_Image_lraw1vlraw1vlraw-1024x585.png",1024,585,true],"1536x1536":["https:\/\/pegmor.com\/wp-content\/uploads\/2026\/01\/Gemini_Generated_Image_lraw1vlraw1vlraw.png",1344,768,false],"2048x2048":["https:\/\/pegmor.com\/wp-content\/uploads\/2026\/01\/Gemini_Generated_Image_lraw1vlraw1vlraw.png",1344,768,false],"mailpoet_newsletter_max":["https:\/\/pegmor.com\/wp-content\/uploads\/2026\/01\/Gemini_Generated_Image_lraw1vlraw1vlraw-1320x754.png",1320,754,true],"woocommerce_thumbnail":["https:\/\/pegmor.com\/wp-content\/uploads\/2026\/01\/Gemini_Generated_Image_lraw1vlraw1vlraw-300x171.png",300,171,true],"woocommerce_single":["https:\/\/pegmor.com\/wp-content\/uploads\/2026\/01\/Gemini_Generated_Image_lraw1vlraw1vlraw-600x343.png",600,343,true],"woocommerce_gallery_thumbnail":["https:\/\/pegmor.com\/wp-content\/uploads\/2026\/01\/Gemini_Generated_Image_lraw1vlraw1vlraw-100x100.png",100,100,true]},"uagb_author_info":{"display_name":"pegmor-com.preview-domain.com","author_link":"https:\/\/pegmor.com\/index.php\/author\/"},"uagb_comment_info":0,"uagb_excerpt":"Ducha Ozono Agua y Aire","_links":{"self":[{"href":"https:\/\/pegmor.com\/index.php\/wp-json\/wp\/v2\/product\/2016","targetHints":{"allow":["GET"]}}],"collection":[{"href":"https:\/\/pegmor.com\/index.php\/wp-json\/wp\/v2\/product"}],"about":[{"href":"https:\/\/pegmor.com\/index.php\/wp-json\/wp\/v2\/types\/product"}],"replies":[{"embeddable":true,"href":"https:\/\/pegmor.com\/index.php\/wp-json\/wp\/v2\/comments?post=2016"}],"wp:featuredmedia":[{"embeddable":true,"href":"https:\/\/pegmor.com\/index.php\/wp-json\/wp\/v2\/media\/2017"}],"wp:attachment":[{"href":"https:\/\/pegmor.com\/index.php\/wp-json\/wp\/v2\/media?parent=2016"}],"wp:term":[{"taxonomy":"product_brand","embeddable":true,"href":"https:\/\/pegmor.com\/index.php\/wp-json\/wp\/v2\/product_brand?post=2016"},{"taxonomy":"product_cat","embeddable":true,"href":"https:\/\/pegmor.com\/index.php\/wp-json\/wp\/v2\/product_cat?post=2016"},{"taxonomy":"product_tag","embeddable":true,"href":"https:\/\/pegmor.com\/index.php\/wp-json\/wp\/v2\/product_tag?post=2016"}],"curies":[{"name":"wp","href":"https:\/\/api.w.org\/{rel}","templated":true}]}}