{"id":1995,"date":"2026-01-15T11:32:52","date_gmt":"2026-01-15T16:32:52","guid":{"rendered":"https:\/\/pegmor.com\/?post_type=product&#038;p=1995"},"modified":"2026-02-09T11:23:44","modified_gmt":"2026-02-09T16:23:44","slug":"kit-carcasa-moises-7-filtro-carbon-bloque-accesorios-para-instalacion","status":"publish","type":"product","link":"https:\/\/pegmor.com\/index.php\/product\/kit-carcasa-moises-7-filtro-carbon-bloque-accesorios-para-instalacion\/","title":{"rendered":"Kit Carcasa Moises 7&#8242; + filtro Carbon Bloque + Accesorios para instalaci\u00f3n"},"content":{"rendered":"<p data-start=\"142\" data-end=\"355\"><strong data-start=\"142\" data-end=\"201\">Protege tu agua.\u00a0 Protege tu hogar.<\/strong><br data-start=\"201\" data-end=\"204\" \/>Este <strong data-start=\"209\" data-end=\"252\">sistema de filtraci\u00f3n con carcasa de 7\u201d<\/strong> es una soluci\u00f3n pr\u00e1ctica y vers\u00e1til para mejorar la calidad del agua en tu cocina.<\/p>\n<p data-start=\"357\" data-end=\"594\">Incluye <strong data-start=\"365\" data-end=\"398\">filtro y accesorios completos<\/strong> para una instalaci\u00f3n sencilla en<strong data-start=\"432\" data-end=\"483\"> la cocina<\/strong> ayudando a retener sedimentos, impurezas y part\u00edculas que afectan el agua.<\/p>\n<p data-start=\"596\" data-end=\"763\">\ud83d\udd39 Carcasa resistente de 7\u201d Moises<br data-start=\"623\" data-end=\"626\" \/>\ud83d\udd39 Filtro incluido CARBON BLOQUE (Duracion 1 a\u00f1o &#8211; con agua acueducto)<br data-start=\"644\" data-end=\"647\" \/>\ud83d\udd39 Accesorios para instalaci\u00f3n<br data-start=\"727\" data-end=\"730\" \/>\ud83d\udd39 F\u00e1cil de instalar y mantener<\/p>\n<p data-start=\"765\" data-end=\"891\">Ideal para quienes buscan <strong data-start=\"791\" data-end=\"810\">agua m\u00e1s limpia<\/strong>,\u00a0 y una soluci\u00f3n funcional sin complicaciones.<\/p>\n<p data-start=\"893\" data-end=\"954\">\ud83d\udc49 Una forma sencilla de empezar a cuidar tu agua desde casa.<\/p>\n<p data-start=\"893\" data-end=\"954\">Env\u00edo a cargo del comprador.<\/p>\n<p data-start=\"893\" data-end=\"954\">SOMOS PEGMOR<\/p>\n<p data-start=\"893\" data-end=\"954\">Mercadolider Colombia<\/p>\n","protected":false},"excerpt":{"rendered":"<p><strong data-start=\"209\" data-end=\"252\">Sistema de filtraci\u00f3n con carcasa de 7\u201d Moises + Filtro 1 a\u00f1o + accesorios<\/strong><\/p>\n","protected":false},"featured_media":1998,"comment_status":"open","ping_status":"closed","template":"","meta":{"_uag_custom_page_level_css":"","_monsterinsights_skip_tracking":false,"_monsterinsights_sitenote_active":false,"_monsterinsights_sitenote_note":"","_monsterinsights_sitenote_category":0,"site-sidebar-layout":"default","site-content-layout":"","ast-site-content-layout":"default","site-content-style":"default","site-sidebar-style":"default","ast-global-header-display":"","ast-banner-title-visibility":"","ast-main-header-display":"","ast-hfb-above-header-display":"","ast-hfb-below-header-display":"","ast-hfb-mobile-header-display":"","site-post-title":"","ast-breadcrumbs-content":"","ast-featured-img":"","footer-sml-layout":"","theme-transparent-header-meta":"default","adv-header-id-meta":"","stick-header-meta":"","header-above-stick-meta":"","header-main-stick-meta":"","header-below-stick-meta":"","astra-migrate-meta-layouts":"set","ast-page-background-enabled":"default","ast-page-background-meta":{"desktop":{"background-color":"var(--ast-global-color-4)","background-image":"","background-repeat":"repeat","background-position":"center center","background-size":"auto","background-attachment":"scroll","background-type":"","background-media":"","overlay-type":"","overlay-color":"","overlay-opacity":"","overlay-gradient":""},"tablet":{"background-color":"","background-image":"","background-repeat":"repeat","background-position":"center center","background-size":"auto","background-attachment":"scroll","background-type":"","background-media":"","overlay-type":"","overlay-color":"","overlay-opacity":"","overlay-gradient":""},"mobile":{"background-color":"","background-image":"","background-repeat":"repeat","background-position":"center center","background-size":"auto","background-attachment":"scroll","background-type":"","background-media":"","overlay-type":"","overlay-color":"","overlay-opacity":"","overlay-gradient":""}},"ast-content-background-meta":{"desktop":{"background-color":"var(--ast-global-color-5)","background-image":"","background-repeat":"repeat","background-position":"center center","background-size":"auto","background-attachment":"scroll","background-type":"","background-media":"","overlay-type":"","overlay-color":"","overlay-opacity":"","overlay-gradient":""},"tablet":{"background-color":"var(--ast-global-color-5)","background-image":"","background-repeat":"repeat","background-position":"center center","background-size":"auto","background-attachment":"scroll","background-type":"","background-media":"","overlay-type":"","overlay-color":"","overlay-opacity":"","overlay-gradient":""},"mobile":{"background-color":"var(--ast-global-color-5)","background-image":"","background-repeat":"repeat","background-position":"center center","background-size":"auto","background-attachment":"scroll","background-type":"","background-media":"","overlay-type":"","overlay-color":"","overlay-opacity":"","overlay-gradient":""}}},"product_brand":[],"product_cat":[93],"product_tag":[],"class_list":{"0":"post-1995","1":"product","2":"type-product","3":"status-publish","4":"has-post-thumbnail","6":"product_cat-carcasas-filtros-repuestos","7":"desktop-align-left","8":"tablet-align-left","9":"mobile-align-left","11":"first","12":"instock","13":"shipping-taxable","14":"purchasable","15":"product-type-simple"},"aioseo_notices":[],"jetpack_sharing_enabled":true,"uagb_featured_image_src":{"full":["https:\/\/pegmor.com\/wp-content\/uploads\/2026\/01\/Captura-de-pantalla-2026-01-15-111834.png",532,574,false],"thumbnail":["https:\/\/pegmor.com\/wp-content\/uploads\/2026\/01\/Captura-de-pantalla-2026-01-15-111834-150x150.png",150,150,true],"medium":["https:\/\/pegmor.com\/wp-content\/uploads\/2026\/01\/Captura-de-pantalla-2026-01-15-111834-278x300.png",278,300,true],"medium_large":["https:\/\/pegmor.com\/wp-content\/uploads\/2026\/01\/Captura-de-pantalla-2026-01-15-111834.png",532,574,false],"large":["https:\/\/pegmor.com\/wp-content\/uploads\/2026\/01\/Captura-de-pantalla-2026-01-15-111834.png",532,574,false],"1536x1536":["https:\/\/pegmor.com\/wp-content\/uploads\/2026\/01\/Captura-de-pantalla-2026-01-15-111834.png",532,574,false],"2048x2048":["https:\/\/pegmor.com\/wp-content\/uploads\/2026\/01\/Captura-de-pantalla-2026-01-15-111834.png",532,574,false],"mailpoet_newsletter_max":["https:\/\/pegmor.com\/wp-content\/uploads\/2026\/01\/Captura-de-pantalla-2026-01-15-111834.png",532,574,false],"woocommerce_thumbnail":["https:\/\/pegmor.com\/wp-content\/uploads\/2026\/01\/Captura-de-pantalla-2026-01-15-111834-300x324.png",300,324,true],"woocommerce_single":["https:\/\/pegmor.com\/wp-content\/uploads\/2026\/01\/Captura-de-pantalla-2026-01-15-111834.png",532,574,false],"woocommerce_gallery_thumbnail":["https:\/\/pegmor.com\/wp-content\/uploads\/2026\/01\/Captura-de-pantalla-2026-01-15-111834-100x100.png",100,100,true]},"uagb_author_info":{"display_name":"pegmor-com.preview-domain.com","author_link":"https:\/\/pegmor.com\/index.php\/author\/"},"uagb_comment_info":0,"uagb_excerpt":"Sistema de filtraci\u00f3n con carcasa de 7\u201d Moises + Filtro 1 a\u00f1o + accesorios","_links":{"self":[{"href":"https:\/\/pegmor.com\/index.php\/wp-json\/wp\/v2\/product\/1995","targetHints":{"allow":["GET"]}}],"collection":[{"href":"https:\/\/pegmor.com\/index.php\/wp-json\/wp\/v2\/product"}],"about":[{"href":"https:\/\/pegmor.com\/index.php\/wp-json\/wp\/v2\/types\/product"}],"replies":[{"embeddable":true,"href":"https:\/\/pegmor.com\/index.php\/wp-json\/wp\/v2\/comments?post=1995"}],"wp:featuredmedia":[{"embeddable":true,"href":"https:\/\/pegmor.com\/index.php\/wp-json\/wp\/v2\/media\/1998"}],"wp:attachment":[{"href":"https:\/\/pegmor.com\/index.php\/wp-json\/wp\/v2\/media?parent=1995"}],"wp:term":[{"taxonomy":"product_brand","embeddable":true,"href":"https:\/\/pegmor.com\/index.php\/wp-json\/wp\/v2\/product_brand?post=1995"},{"taxonomy":"product_cat","embeddable":true,"href":"https:\/\/pegmor.com\/index.php\/wp-json\/wp\/v2\/product_cat?post=1995"},{"taxonomy":"product_tag","embeddable":true,"href":"https:\/\/pegmor.com\/index.php\/wp-json\/wp\/v2\/product_tag?post=1995"}],"curies":[{"name":"wp","href":"https:\/\/api.w.org\/{rel}","templated":true}]}}